{"id":321,"date":"2017-08-20T02:55:10","date_gmt":"2017-08-20T00:55:10","guid":{"rendered":"http:\/\/esn-ssii.expert-comptable.com\/?page_id=321"},"modified":"2020-12-29T09:56:40","modified_gmt":"2020-12-29T08:56:40","slug":"sarl-eurl-paris-societe","status":"publish","type":"page","link":"https:\/\/esn-ssii.expert-comptable.com\/index.php\/creer-societe-sarl-sas-eurl-sasu\/sarl-eurl-paris-societe\/","title":{"rendered":"Sarl"},"content":{"rendered":"<p>La SARL et la SAS sont les formes juridiques les plus utilis\u00e9es actuellement.<\/p>\n<h1>Principales diff\u00e9rences entre la SARL et la SAS<\/h1>\n<ul>\n<li>r\u00e9gime social du g\u00e9rant majoritaire versus celui du g\u00e9rant minoritaire ou du pr\u00e9sident<\/li>\n<li>modalit\u00e9s de taxation des dividendes<\/li>\n<li>n\u00e9cessit\u00e9 ou non de r\u00e9diger un pacte d&rsquo;associ\u00e9s<\/li>\n<li>crit\u00e8res conduisant \u00e0 la nomination d&rsquo;un commissaire aux comptes<\/li>\n<\/ul>\n<p>Voici les informations juridiques significatives entourant le fonctionnement de la SARL :<img loading=\"lazy\" decoding=\"async\" class=\"wp-image-327 alignright\" src=\"https:\/\/esn-ssii.expert-comptable.com\/wp-content\/uploads\/2017\/08\/sarl.jpg\" alt=\"\" width=\"126\" height=\"84\" \/><\/p>\n<h1>Les Associ\u00e9s (sarl)<\/h1>\n<ul>\n<li>n\u2019ont pas la qualit\u00e9 de commer\u00e7ants,<\/li>\n<li>ont le droit d\u2019\u00eatre inform\u00e9s dans certaines conditions, de la marche de la soci\u00e9t\u00e9,<\/li>\n<li>peuvent c\u00e9der leurs pars sociales,<\/li>\n<li>voient leur responsabilit\u00e9 limit\u00e9e au montant de leurs apports, sauf exceptions<\/li>\n<\/ul>\n<h1>Le ou les G\u00e9rants (sarl)<\/h1>\n<ul>\n<li>sont obligatoirement des personnes physiques,<\/li>\n<li>peuvent \u00eatre r\u00e9voqu\u00e9s librement par les associ\u00e9s; mais la r\u00e9vocation sans juste motif donne lieu \u00e0 des dommages et int\u00e9r\u00eats.<\/li>\n<li>Leurs limitations de pouvoir sont licites, mais elles demeurent inopposables aux tiers,<\/li>\n<li>Les contrats de travail entre la g\u00e9rance non majoritaire et la soci\u00e9t\u00e9 sont possibles (contrairement aux g\u00e9rants majoritaires)<\/li>\n<li>rel\u00e8ve du r\u00e9gime g\u00e9n\u00e9ral (minoritaire ou \u00e9galitaire) ou du <a href=\"https:\/\/esn-ssii.expert-comptable.com\/index.php\/gerant-tns-rsi-cipav\/\">r\u00e9gime des Travailleurs Non Salari\u00e9s TNS (g\u00e9rant majoritaire)<\/a><\/li>\n<\/ul>\n<h1>Le Capital social (sarl)<\/h1>\n<ul>\n<li>1 seul associ\u00e9 au sein de l\u2019EURL,<\/li>\n<li>2 \u00e0 100 associ\u00e9s se r\u00e9partissent le capital social de la SARL,<\/li>\n<li>pas de capital social minimum<\/li>\n<li>Les cessions de parts sociales doivent \u00eatre constat\u00e9es par un acte soumis au droit d\u2019enregistrement de 3%, apr\u00e8s un abattement de 23.000 euros proportionnel au nombre de parts de la soci\u00e9t\u00e9<\/li>\n<\/ul>\n<ul>\n<li style=\"list-style-type: none;\">\n<ul>\n<li><\/li>\n<\/ul>\n<\/li>\n<\/ul>\n","protected":false},"excerpt":{"rendered":"<p>La SARL et la SAS sont les formes juridiques les plus utilis\u00e9es actuellement. Principales diff\u00e9rences entre la SARL et la SAS r\u00e9gime social du g\u00e9rant majoritaire versus celui du g\u00e9rant minoritaire ou du pr\u00e9sident modalit\u00e9s de taxation des dividendes n\u00e9cessit\u00e9 ou non de r\u00e9diger un pacte d&rsquo;associ\u00e9s crit\u00e8res conduisant \u00e0 la nomination d&rsquo;un commissaire aux &hellip; <\/p>\n<p class=\"link-more\"><a href=\"https:\/\/esn-ssii.expert-comptable.com\/index.php\/creer-societe-sarl-sas-eurl-sasu\/sarl-eurl-paris-societe\/\" class=\"more-link\">Continuer la lecture<span class=\"screen-reader-text\"> de &laquo;&nbsp;Sarl&nbsp;&raquo;<\/span><\/a><\/p>\n","protected":false},"author":2,"featured_media":0,"parent":171,"menu_order":0,"comment_status":"open","ping_status":"closed","template":"","meta":{"footnotes":""},"yst_prominent_words":[],"class_list":["post-321","page","type-page","status-publish","hentry"],"_links":{"self":[{"href":"https:\/\/esn-ssii.expert-comptable.com\/index.php\/wp-json\/wp\/v2\/pages\/321","targetHints":{"allow":["GET"]}}],"collection":[{"href":"https:\/\/esn-ssii.expert-comptable.com\/index.php\/wp-json\/wp\/v2\/pages"}],"about":[{"href":"https:\/\/esn-ssii.expert-comptable.com\/index.php\/wp-json\/wp\/v2\/types\/page"}],"author":[{"embeddable":true,"href":"https:\/\/esn-ssii.expert-comptable.com\/index.php\/wp-json\/wp\/v2\/users\/2"}],"replies":[{"embeddable":true,"href":"https:\/\/esn-ssii.expert-comptable.com\/index.php\/wp-json\/wp\/v2\/comments?post=321"}],"version-history":[{"count":6,"href":"https:\/\/esn-ssii.expert-comptable.com\/index.php\/wp-json\/wp\/v2\/pages\/321\/revisions"}],"predecessor-version":[{"id":566,"href":"https:\/\/esn-ssii.expert-comptable.com\/index.php\/wp-json\/wp\/v2\/pages\/321\/revisions\/566"}],"up":[{"embeddable":true,"href":"https:\/\/esn-ssii.expert-comptable.com\/index.php\/wp-json\/wp\/v2\/pages\/171"}],"wp:attachment":[{"href":"https:\/\/esn-ssii.expert-comptable.com\/index.php\/wp-json\/wp\/v2\/media?parent=321"}],"wp:term":[{"taxonomy":"yst_prominent_words","embeddable":true,"href":"https:\/\/esn-ssii.expert-comptable.com\/index.php\/wp-json\/wp\/v2\/yst_prominent_words?post=321"}],"curies":[{"name":"wp","href":"https:\/\/api.w.org\/{rel}","templated":true}]}}